{"id":9140,"date":"2026-04-22T20:10:51","date_gmt":"2026-04-22T20:10:51","guid":{"rendered":"https:\/\/apps.taubate.sp.gov.br\/processoseletivo\/?page_id=9140"},"modified":"2026-04-24T17:37:40","modified_gmt":"2026-04-24T17:37:40","slug":"empossados-cp-003-2023","status":"publish","type":"page","link":"https:\/\/apps.taubate.sp.gov.br\/processoseletivo\/empossados-cp-003-2023\/","title":{"rendered":"CP 003\/2023"},"content":{"rendered":"\n<figure class=\"wp-block-table is-style-stripes\"><table class=\"has-fixed-layout\"><tbody><tr><td>ADILSON GONZAGA DE CAMPOS<\/td><td>AGENTE DE TR\u00c2NSITO<\/td><\/tr><tr><td>ALLAN PETERSON BARBOSA PORTO SANTOS<\/td><td>AGENTE DE TR\u00c2NSITO<\/td><\/tr><tr><td>JULIANA RIBEIRO CORREIA<\/td><td>AGENTE DE TR\u00c2NSITO<\/td><\/tr><tr><td>CELSO LOBO ZUFFO AMANO<\/td><td>AGENTE DE TR\u00c2NSITO<\/td><\/tr><tr><td>FABIO FERREIRA CASSIANO<\/td><td>AGENTE DE TR\u00c2NSITO<\/td><\/tr><tr><td>JOSE LUIZ DA SILVA JUNIOR<\/td><td>AGENTE DE TR\u00c2NSITO<\/td><\/tr><tr><td>RAISSA MOARA BARBOSA CORREA<\/td><td>AGENTE DE TR\u00c2NSITO<\/td><\/tr><tr><td>ALISON BRENO DE OLIVEIRA<\/td><td>AGENTE OPERACIONAL DE DEFESA CIVIL<\/td><\/tr><tr><td>ANDRE RAPHAEL CALHEIRO DOS SANTOS<\/td><td>AGENTE OPERACIONAL DE DEFESA CIVIL<\/td><\/tr><tr><td>BRUNO CAETANO GIL<\/td><td>AGENTE OPERACIONAL DE DEFESA CIVIL<\/td><\/tr><tr><td>BRUNO GIL OLIVEIRA<\/td><td>AGENTE OPERACIONAL DE DEFESA CIVIL<\/td><\/tr><tr><td>BRUNO MARCOS DE OLIVEIRA FOGLIENI<\/td><td>AGENTE OPERACIONAL DE DEFESA CIVIL<\/td><\/tr><tr><td>CARLOS ALBERTO MACIEL MIGOTO<\/td><td>AGENTE OPERACIONAL DE DEFESA CIVIL<\/td><\/tr><tr><td>CARLOS RODRIGO FARIA DE ASSIS<\/td><td>AGENTE OPERACIONAL DE DEFESA CIVIL<\/td><\/tr><tr><td>CHRISTIANNE APARECIDA DE AZEVEDO NOGUEIRA COSTA<\/td><td>AGENTE OPERACIONAL DE DEFESA CIVIL<\/td><\/tr><tr><td>DANIEL DE ALMEIDA PEREIRA<\/td><td>AGENTE OPERACIONAL DE DEFESA CIVIL<\/td><\/tr><tr><td>DOUGLAS CARVALHO DA CRUZ<\/td><td>AGENTE OPERACIONAL DE DEFESA CIVIL<\/td><\/tr><tr><td>DOUGLAS NERY SCHNEIDER<\/td><td>AGENTE OPERACIONAL DE DEFESA CIVIL<\/td><\/tr><tr><td>FAGNER JUNIOR VAZ<\/td><td>AGENTE OPERACIONAL DE DEFESA CIVIL<\/td><\/tr><tr><td>FERNANDA LETICIA VIANI DE OLIVEIRA<\/td><td>AGENTE OPERACIONAL DE DEFESA CIVIL<\/td><\/tr><tr><td>GILMAR UCHOAS FARIA<\/td><td>AGENTE OPERACIONAL DE DEFESA CIVIL<\/td><\/tr><tr><td>HENRIQUE DE LIMA VALENTIM VEIGA<\/td><td>AGENTE OPERACIONAL DE DEFESA CIVIL<\/td><\/tr><tr><td>JEAN LUCAS DA SILVA<\/td><td>AGENTE OPERACIONAL DE DEFESA CIVIL<\/td><\/tr><tr><td>JOAB ARAUJO DE SA<\/td><td>AGENTE OPERACIONAL DE DEFESA CIVIL<\/td><\/tr><tr><td>JUCILENE DA SILVA AGGEU RICARDO<\/td><td>AGENTE OPERACIONAL DE DEFESA CIVIL<\/td><\/tr><tr><td>KAIQUE HENRIQUE DE MORAES VICTOR<\/td><td>AGENTE OPERACIONAL DE DEFESA CIVIL<\/td><\/tr><tr><td>LISANDRO GEISON ALERANDRO ALVES<\/td><td>AGENTE OPERACIONAL DE DEFESA CIVIL<\/td><\/tr><tr><td>LUIZ FERNANDO BUENO ALVES LEITE<\/td><td>AGENTE OPERACIONAL DE DEFESA CIVIL<\/td><\/tr><tr><td>MARCUS VINICIUS FERREIRA DE SA PEREIRA<\/td><td>AGENTE OPERACIONAL DE DEFESA CIVIL<\/td><\/tr><tr><td>MAURICIO JUNQUEIRA DE TOLEDO NATHALINO<\/td><td>AGENTE OPERACIONAL DE DEFESA CIVIL<\/td><\/tr><tr><td>NIVALDO REGIS MOREIRA<\/td><td>AGENTE OPERACIONAL DE DEFESA CIVIL<\/td><\/tr><tr><td>RAFAEL BARBOSA CESAR MINE<\/td><td>AGENTE OPERACIONAL DE DEFESA CIVIL<\/td><\/tr><tr><td>RAFAEL DE OLIVEIRA<\/td><td>AGENTE OPERACIONAL DE DEFESA CIVIL<\/td><\/tr><tr><td>RICARDO ALVES DA PAIXAO<\/td><td>AGENTE OPERACIONAL DE DEFESA CIVIL<\/td><\/tr><tr><td>RICARDO DE CARVALHO FROES<\/td><td>AGENTE OPERACIONAL DE DEFESA CIVIL<\/td><\/tr><tr><td>ROBERTO GOBO COCIELLO<\/td><td>AGENTE OPERACIONAL DE DEFESA CIVIL<\/td><\/tr><tr><td>RYAN NOGUEIRA TEIXEIRA JUNIOR<\/td><td>AGENTE OPERACIONAL DE DEFESA CIVIL<\/td><\/tr><tr><td>SAVIO ROGERIO RODRIGUES BENEDICTO JUNIOR<\/td><td>AGENTE OPERACIONAL DE DEFESA CIVIL<\/td><\/tr><tr><td>THAIS NASCIMENTO MARINHO<\/td><td>AGENTE OPERACIONAL DE DEFESA CIVIL<\/td><\/tr><tr><td>THALLIS FERREIRA BORGES<\/td><td>AGENTE OPERACIONAL DE DEFESA CIVIL<\/td><\/tr><tr><td>WILSON BAESSO DE CAMPOS<\/td><td>AGENTE OPERACIONAL DE DEFESA CIVIL<\/td><\/tr><tr><td>JOSI NATALIA MARCONDES PEREIRA<\/td><td>AUXILIAR DE COZINHA<\/td><\/tr><tr><td>MATHEUS DE SOUSA FONSECA<\/td><td>AUXILIAR DE COZINHA<\/td><\/tr><tr><td>SAMUEL CAMPOS DOS SANTOS<\/td><td>AUXILIAR DE COZINHA<\/td><\/tr><tr><td>RAFAEL ALEXANDRE MARCONDES<\/td><td>BORRACHEIRO<\/td><\/tr><tr><td>DAVID FELIPE BATISTA AMANCIO<\/td><td>ELETRICISTA<\/td><\/tr><tr><td>MICHAEL ALEXANDRE MARTINS&nbsp; DO PRADO<\/td><td>ELETRICISTA<\/td><\/tr><tr><td>VALTER AUGUSTO DE SOUZA<\/td><td>ELETRICISTA<\/td><\/tr><tr><td>DAVI ANDRADE COELHO<\/td><td>ELETRICISTA DE AUTOS<\/td><\/tr><tr><td>DENYS DE SOUZA CAMARGO<\/td><td>FISCAL DE RENDAS IMOBILI\u00c1RIAS<\/td><\/tr><tr><td>JOAO MARCELO BATISTA NOGUEIRA JUNIOR<\/td><td>FISCAL DE RENDAS IMOBILI\u00c1RIAS<\/td><\/tr><tr><td>VLADIMIR DINIZ SILVA<\/td><td>MEC\u00c2NICO DE VIATURA LEVE<\/td><\/tr><tr><td>JOSE MARIA BORGES DA ROCHA<\/td><td>MEC\u00c2NICO DE MAQUINAS<\/td><\/tr><tr><td>DENILSON DOS SANTOS MONTEIRO<\/td><td>MESTRE DE OBRAS<\/td><\/tr><tr><td>ADRIANO JUNIOR DIAS TITO<\/td><td>MOTORISTA<\/td><\/tr><tr><td>ALAN FERNANDES LIMA<\/td><td>MOTORISTA<\/td><\/tr><tr><td>ALAN SERRETIELLO<\/td><td>MOTORISTA<\/td><\/tr><tr><td>ALMIR ZEFERINO PEREIRA<\/td><td>MOTORISTA<\/td><\/tr><tr><td>ANDRE LUIZ COUTO<\/td><td>MOTORISTA<\/td><\/tr><tr><td>ANGUAIR GOMES DOS SANTOS FILHO<\/td><td>MOTORISTA<\/td><\/tr><tr><td>BRUNA LETICIA LEMES CASTRO DO AMARAL<\/td><td>MOTORISTA<\/td><\/tr><tr><td>CAIQUE AUGUSTO DE VASCONCELOS SILVA<\/td><td>MOTORISTA<\/td><\/tr><tr><td>CHARLESTON DE SENNE DA SILVA<\/td><td>MOTORISTA<\/td><\/tr><tr><td>CLAUDIO ALVARENGA SAMUEL<\/td><td>MOTORISTA<\/td><\/tr><tr><td>CLAUDIONOR DA SILVA DE JESUS ANDRADE<\/td><td>MOTORISTA<\/td><\/tr><tr><td>CLAUMIR CLAYTON DOS SANTOS<\/td><td>MOTORISTA<\/td><\/tr><tr><td>CLEBER RODRIGO DOS SANTOS<\/td><td>MOTORISTA<\/td><\/tr><tr><td>CLOVIS EDUARDO RODRIGUES<\/td><td>MOTORISTA<\/td><\/tr><tr><td>DILAN CARLOS PEREIRA DE SOUZA<\/td><td>MOTORISTA<\/td><\/tr><tr><td>EDSON CARLOS DE ARAUJO BORGES<\/td><td>MOTORISTA<\/td><\/tr><tr><td>ELISEU ARAUJO COSTA<\/td><td>MOTORISTA<\/td><\/tr><tr><td>ELKE PATHIK RIBEIRO<\/td><td>MOTORISTA<\/td><\/tr><tr><td>FABIANO MARQUES RIBEIRO<\/td><td>MOTORISTA<\/td><\/tr><tr><td>GERSON SILVA BARBOSA<\/td><td>MOTORISTA<\/td><\/tr><tr><td>GILVAM MATIAS MELO<\/td><td>MOTORISTA<\/td><\/tr><tr><td>JEFFERSON ALVES DA SILVA<\/td><td>MOTORISTA<\/td><\/tr><tr><td>JOSE CARLOS LICORINI<\/td><td>MOTORISTA<\/td><\/tr><tr><td>JOSE OSMAR DE GODOY<\/td><td>MOTORISTA<\/td><\/tr><tr><td>LUIZ CARLOS FERNANDES DA SILVA JUNIOR<\/td><td>MOTORISTA<\/td><\/tr><tr><td>LUIZ CLAUDIO DE ANGELIS ANDRADE<\/td><td>MOTORISTA<\/td><\/tr><tr><td>LUIZ FERNANDO FERREIRA DA SILVA<\/td><td>MOTORISTA<\/td><\/tr><tr><td>OLIMPIO RODRIGUES ROCHA FILHO<\/td><td>MOTORISTA<\/td><\/tr><tr><td>REGINALDO LEMES<\/td><td>MOTORISTA<\/td><\/tr><tr><td>ROBERTO TORRES LEAL<\/td><td>MOTORISTA<\/td><\/tr><tr><td>RONALDO GONCALVES GUERRA<\/td><td>MOTORISTA<\/td><\/tr><tr><td>SIDNEY CARLOS DE MOURA<\/td><td>MOTORISTA<\/td><\/tr><tr><td>VALDECI CUSTODIO CAMARGO<\/td><td>MOTORISTA<\/td><\/tr><tr><td>VALDEMIR LOPES DA SILVA<\/td><td>MOTORISTA<\/td><\/tr><tr><td>WELLINGTON WESLEY DIAS DA SILVA<\/td><td>MOTORISTA<\/td><\/tr><tr><td>ANDERSON CORREA DE MELLO CAMPOS<\/td><td>OPERADOR DE MAQUINA \u2013 MOTOSSERRA<\/td><\/tr><tr><td>PEDRO DA CRUZ SILVA<\/td><td>OPERADOR DE MAQUINA \u2013 MOTOSSERRA<\/td><\/tr><tr><td>JOAO VITOR SIMON MOREIRA<\/td><td>PADEIRO<\/td><\/tr><tr><td>MATHEUS MOREIRA GUEDES<\/td><td>PADEIRO<\/td><\/tr><tr><td>AMARILDO RODRIGUES SOUZA<\/td><td>PEDREIRO<\/td><\/tr><tr><td>CRISTIANO LEITE MALTEZ<\/td><td>PEDREIRO<\/td><\/tr><tr><td>JOSE ANDRE COPELI<\/td><td>PEDREIRO<\/td><\/tr><tr><td>EDMAR BUSSI<\/td><td>PEDREIRO DE ACABAMENTO<\/td><\/tr><tr><td>DIEGO ALEXSANDRO DOMINGOS<\/td><td>SOLDADOR<\/td><\/tr><tr><td>THADEU GOMES DE OLIVEIRA CAMPOS<\/td><td>SOLDADOR<\/td><\/tr><\/tbody><\/table><\/figure>\n","protected":false},"excerpt":{"rendered":"<p>ADILSON GONZAGA DE CAMPOS AGENTE DE TR\u00c2NSITO ALLAN PETERSON BARBOSA PORTO SANTOS AGENTE DE TR\u00c2NSITO JULIANA RIBEIRO CORREIA AGENTE DE TR\u00c2NSITO CELSO LOBO ZUFFO AMANO AGENTE DE TR\u00c2NSITO FABIO FERREIRA CASSIANO AGENTE DE TR\u00c2NSITO JOSE LUIZ DA SILVA JUNIOR AGENTE DE TR\u00c2NSITO RAISSA MOARA BARBOSA CORREA AGENTE DE TR\u00c2NSITO ALISON BRENO DE OLIVEIRA AGENTE OPERACIONAL [&hellip;]<\/p>\n","protected":false},"author":5,"featured_media":0,"parent":0,"menu_order":0,"comment_status":"closed","ping_status":"closed","template":"","meta":{"footnotes":""},"class_list":["post-9140","page","type-page","status-publish","hentry"],"_links":{"self":[{"href":"https:\/\/apps.taubate.sp.gov.br\/processoseletivo\/wp-json\/wp\/v2\/pages\/9140","targetHints":{"allow":["GET"]}}],"collection":[{"href":"https:\/\/apps.taubate.sp.gov.br\/processoseletivo\/wp-json\/wp\/v2\/pages"}],"about":[{"href":"https:\/\/apps.taubate.sp.gov.br\/processoseletivo\/wp-json\/wp\/v2\/types\/page"}],"author":[{"embeddable":true,"href":"https:\/\/apps.taubate.sp.gov.br\/processoseletivo\/wp-json\/wp\/v2\/users\/5"}],"replies":[{"embeddable":true,"href":"https:\/\/apps.taubate.sp.gov.br\/processoseletivo\/wp-json\/wp\/v2\/comments?post=9140"}],"version-history":[{"count":4,"href":"https:\/\/apps.taubate.sp.gov.br\/processoseletivo\/wp-json\/wp\/v2\/pages\/9140\/revisions"}],"predecessor-version":[{"id":9183,"href":"https:\/\/apps.taubate.sp.gov.br\/processoseletivo\/wp-json\/wp\/v2\/pages\/9140\/revisions\/9183"}],"wp:attachment":[{"href":"https:\/\/apps.taubate.sp.gov.br\/processoseletivo\/wp-json\/wp\/v2\/media?parent=9140"}],"curies":[{"name":"wp","href":"https:\/\/api.w.org\/{rel}","templated":true}]}}

<figure class="wp-block-table is-style-stripes"><table class="has-fixed-layout"><tbody><tr><td>ADILSON GONZAGA DE CAMPOS</td><td>AGENTE DE TRÂNSITO</td></tr><tr><td>ALLAN PETERSON BARBOSA PORTO SANTOS</td><td>AGENTE DE TRÂNSITO</td></tr><tr><td>JULIANA RIBEIRO CORREIA</td><td>AGENTE DE TRÂNSITO</td></tr><tr><td>CELSO LOBO ZUFFO AMANO</td><td>AGENTE DE TRÂNSITO</td></tr><tr><td>FABIO FERREIRA CASSIANO</td><td>AGENTE DE TRÂNSITO</td></tr><tr><td>JOSE LUIZ DA SILVA JUNIOR</td><td>AGENTE DE TRÂNSITO</td></tr><tr><td>RAISSA MOARA BARBOSA CORREA</td><td>AGENTE DE TRÂNSITO</td></tr><tr><td>ALISON BRENO DE OLIVEIRA</td><td>AGENTE OPERACIONAL DE DEFESA CIVIL</td></tr><tr><td>ANDRE RAPHAEL CALHEIRO DOS SANTOS</td><td>AGENTE OPERACIONAL DE DEFESA CIVIL</td></tr><tr><td>BRUNO CAETANO GIL</td><td>AGENTE OPERACIONAL DE DEFESA CIVIL</td></tr><tr><td>BRUNO GIL OLIVEIRA</td><td>AGENTE OPERACIONAL DE DEFESA CIVIL</td></tr><tr><td>BRUNO MARCOS DE OLIVEIRA FOGLIENI</td><td>AGENTE OPERACIONAL DE DEFESA CIVIL</td></tr><tr><td>CARLOS ALBERTO MACIEL MIGOTO</td><td>AGENTE OPERACIONAL DE DEFESA CIVIL</td></tr><tr><td>CARLOS RODRIGO FARIA DE ASSIS</td><td>AGENTE OPERACIONAL DE DEFESA CIVIL</td></tr><tr><td>CHRISTIANNE APARECIDA DE AZEVEDO NOGUEIRA COSTA</td><td>AGENTE OPERACIONAL DE DEFESA CIVIL</td></tr><tr><td>DANIEL DE ALMEIDA PEREIRA</td><td>AGENTE OPERACIONAL DE DEFESA CIVIL</td></tr><tr><td>DOUGLAS CARVALHO DA CRUZ</td><td>AGENTE OPERACIONAL DE DEFESA CIVIL</td></tr><tr><td>DOUGLAS NERY SCHNEIDER</td><td>AGENTE OPERACIONAL DE DEFESA CIVIL</td></tr><tr><td>FAGNER JUNIOR VAZ</td><td>AGENTE OPERACIONAL DE DEFESA CIVIL</td></tr><tr><td>FERNANDA LETICIA VIANI DE OLIVEIRA</td><td>AGENTE OPERACIONAL DE DEFESA CIVIL</td></tr><tr><td>GILMAR UCHOAS FARIA</td><td>AGENTE OPERACIONAL DE DEFESA CIVIL</td></tr><tr><td>HENRIQUE DE LIMA VALENTIM VEIGA</td><td>AGENTE OPERACIONAL DE DEFESA CIVIL</td></tr><tr><td>JEAN LUCAS DA SILVA</td><td>AGENTE OPERACIONAL DE DEFESA CIVIL</td></tr><tr><td>JOAB ARAUJO DE SA</td><td>AGENTE OPERACIONAL DE DEFESA CIVIL</td></tr><tr><td>JUCILENE DA SILVA AGGEU RICARDO</td><td>AGENTE OPERACIONAL DE DEFESA CIVIL</td></tr><tr><td>KAIQUE HENRIQUE DE MORAES VICTOR</td><td>AGENTE OPERACIONAL DE DEFESA CIVIL</td></tr><tr><td>LISANDRO GEISON ALERANDRO ALVES</td><td>AGENTE OPERACIONAL DE DEFESA CIVIL</td></tr><tr><td>LUIZ FERNANDO BUENO ALVES LEITE</td><td>AGENTE OPERACIONAL DE DEFESA CIVIL</td></tr><tr><td>MARCUS VINICIUS FERREIRA DE SA PEREIRA</td><td>AGENTE OPERACIONAL DE DEFESA CIVIL</td></tr><tr><td>MAURICIO JUNQUEIRA DE TOLEDO NATHALINO</td><td>AGENTE OPERACIONAL DE DEFESA CIVIL</td></tr><tr><td>NIVALDO REGIS MOREIRA</td><td>AGENTE OPERACIONAL DE DEFESA CIVIL</td></tr><tr><td>RAFAEL BARBOSA CESAR MINE</td><td>AGENTE OPERACIONAL DE DEFESA CIVIL</td></tr><tr><td>RAFAEL DE OLIVEIRA</td><td>AGENTE OPERACIONAL DE DEFESA CIVIL</td></tr><tr><td>RICARDO ALVES DA PAIXAO</td><td>AGENTE OPERACIONAL DE DEFESA CIVIL</td></tr><tr><td>RICARDO DE CARVALHO FROES</td><td>AGENTE OPERACIONAL DE DEFESA CIVIL</td></tr><tr><td>ROBERTO GOBO COCIELLO</td><td>AGENTE OPERACIONAL DE DEFESA CIVIL</td></tr><tr><td>RYAN NOGUEIRA TEIXEIRA JUNIOR</td><td>AGENTE OPERACIONAL DE DEFESA CIVIL</td></tr><tr><td>SAVIO ROGERIO RODRIGUES BENEDICTO JUNIOR</td><td>AGENTE OPERACIONAL DE DEFESA CIVIL</td></tr><tr><td>THAIS NASCIMENTO MARINHO</td><td>AGENTE OPERACIONAL DE DEFESA CIVIL</td></tr><tr><td>THALLIS FERREIRA BORGES</td><td>AGENTE OPERACIONAL DE DEFESA CIVIL</td></tr><tr><td>WILSON BAESSO DE CAMPOS</td><td>AGENTE OPERACIONAL DE DEFESA CIVIL</td></tr><tr><td>JOSI NATALIA MARCONDES PEREIRA</td><td>AUXILIAR DE COZINHA</td></tr><tr><td>MATHEUS DE SOUSA FONSECA</td><td>AUXILIAR DE COZINHA</td></tr><tr><td>SAMUEL CAMPOS DOS SANTOS</td><td>AUXILIAR DE COZINHA</td></tr><tr><td>RAFAEL ALEXANDRE MARCONDES</td><td>BORRACHEIRO</td></tr><tr><td>DAVID FELIPE BATISTA AMANCIO</td><td>ELETRICISTA</td></tr><tr><td>MICHAEL ALEXANDRE MARTINS&nbsp; DO PRADO</td><td>ELETRICISTA</td></tr><tr><td>VALTER AUGUSTO DE SOUZA</td><td>ELETRICISTA</td></tr><tr><td>DAVI ANDRADE COELHO</td><td>ELETRICISTA DE AUTOS</td></tr><tr><td>DENYS DE SOUZA CAMARGO</td><td>FISCAL DE RENDAS IMOBILIÁRIAS</td></tr><tr><td>JOAO MARCELO BATISTA NOGUEIRA JUNIOR</td><td>FISCAL DE RENDAS IMOBILIÁRIAS</td></tr><tr><td>VLADIMIR DINIZ SILVA</td><td>MECÂNICO DE VIATURA LEVE</td></tr><tr><td>JOSE MARIA BORGES DA ROCHA</td><td>MECÂNICO DE MAQUINAS</td></tr><tr><td>DENILSON DOS SANTOS MONTEIRO</td><td>MESTRE DE OBRAS</td></tr><tr><td>ADRIANO JUNIOR DIAS TITO</td><td>MOTORISTA</td></tr><tr><td>ALAN FERNANDES LIMA</td><td>MOTORISTA</td></tr><tr><td>ALAN SERRETIELLO</td><td>MOTORISTA</td></tr><tr><td>ALMIR ZEFERINO PEREIRA</td><td>MOTORISTA</td></tr><tr><td>ANDRE LUIZ COUTO</td><td>MOTORISTA</td></tr><tr><td>ANGUAIR GOMES DOS SANTOS FILHO</td><td>MOTORISTA</td></tr><tr><td>BRUNA LETICIA LEMES CASTRO DO AMARAL</td><td>MOTORISTA</td></tr><tr><td>CAIQUE AUGUSTO DE VASCONCELOS SILVA</td><td>MOTORISTA</td></tr><tr><td>CHARLESTON DE SENNE DA SILVA</td><td>MOTORISTA</td></tr><tr><td>CLAUDIO ALVARENGA SAMUEL</td><td>MOTORISTA</td></tr><tr><td>CLAUDIONOR DA SILVA DE JESUS ANDRADE</td><td>MOTORISTA</td></tr><tr><td>CLAUMIR CLAYTON DOS SANTOS</td><td>MOTORISTA</td></tr><tr><td>CLEBER RODRIGO DOS SANTOS</td><td>MOTORISTA</td></tr><tr><td>CLOVIS EDUARDO RODRIGUES</td><td>MOTORISTA</td></tr><tr><td>DILAN CARLOS PEREIRA DE SOUZA</td><td>MOTORISTA</td></tr><tr><td>EDSON CARLOS DE ARAUJO BORGES</td><td>MOTORISTA</td></tr><tr><td>ELISEU ARAUJO COSTA</td><td>MOTORISTA</td></tr><tr><td>ELKE PATHIK RIBEIRO</td><td>MOTORISTA</td></tr><tr><td>FABIANO MARQUES RIBEIRO</td><td>MOTORISTA</td></tr><tr><td>GERSON SILVA BARBOSA</td><td>MOTORISTA</td></tr><tr><td>GILVAM MATIAS MELO</td><td>MOTORISTA</td></tr><tr><td>JEFFERSON ALVES DA SILVA</td><td>MOTORISTA</td></tr><tr><td>JOSE CARLOS LICORINI</td><td>MOTORISTA</td></tr><tr><td>JOSE OSMAR DE GODOY</td><td>MOTORISTA</td></tr><tr><td>LUIZ CARLOS FERNANDES DA SILVA JUNIOR</td><td>MOTORISTA</td></tr><tr><td>LUIZ CLAUDIO DE ANGELIS ANDRADE</td><td>MOTORISTA</td></tr><tr><td>LUIZ FERNANDO FERREIRA DA SILVA</td><td>MOTORISTA</td></tr><tr><td>OLIMPIO RODRIGUES ROCHA FILHO</td><td>MOTORISTA</td></tr><tr><td>REGINALDO LEMES</td><td>MOTORISTA</td></tr><tr><td>ROBERTO TORRES LEAL</td><td>MOTORISTA</td></tr><tr><td>RONALDO GONCALVES GUERRA</td><td>MOTORISTA</td></tr><tr><td>SIDNEY CARLOS DE MOURA</td><td>MOTORISTA</td></tr><tr><td>VALDECI CUSTODIO CAMARGO</td><td>MOTORISTA</td></tr><tr><td>VALDEMIR LOPES DA SILVA</td><td>MOTORISTA</td></tr><tr><td>WELLINGTON WESLEY DIAS DA SILVA</td><td>MOTORISTA</td></tr><tr><td>ANDERSON CORREA DE MELLO CAMPOS</td><td>OPERADOR DE MAQUINA – MOTOSSERRA</td></tr><tr><td>PEDRO DA CRUZ SILVA</td><td>OPERADOR DE MAQUINA – MOTOSSERRA</td></tr><tr><td>JOAO VITOR SIMON MOREIRA</td><td>PADEIRO</td></tr><tr><td>MATHEUS MOREIRA GUEDES</td><td>PADEIRO</td></tr><tr><td>AMARILDO RODRIGUES SOUZA</td><td>PEDREIRO</td></tr><tr><td>CRISTIANO LEITE MALTEZ</td><td>PEDREIRO</td></tr><tr><td>JOSE ANDRE COPELI</td><td>PEDREIRO</td></tr><tr><td>EDMAR BUSSI</td><td>PEDREIRO DE ACABAMENTO</td></tr><tr><td>DIEGO ALEXSANDRO DOMINGOS</td><td>SOLDADOR</td></tr><tr><td>THADEU GOMES DE OLIVEIRA CAMPOS</td><td>SOLDADOR</td></tr></tbody></table></figure>

<p>ADILSON GONZAGA DE CAMPOS AGENTE DE TRÂNSITO ALLAN PETERSON BARBOSA PORTO SANTOS AGENTE DE TRÂNSITO JULIANA RIBEIRO CORREIA AGENTE DE TRÂNSITO CELSO LOBO ZUFFO AMANO AGENTE DE TRÂNSITO FABIO FERREIRA CASSIANO AGENTE DE TRÂNSITO JOSE LUIZ DA SILVA JUNIOR AGENTE DE TRÂNSITO RAISSA MOARA BARBOSA CORREA AGENTE DE TRÂNSITO ALISON BRENO DE OLIVEIRA AGENTE OPERACIONAL [&hellip;]</p>
